 divided by 28662.
3617
Calculate the remainder when 125571923 is divided by 25.
23
Calculate the remainder when 292829 is divided by 14571.
1409
Calculate the remainder when 29820 is divided by 29747.
73
What is the remainder when 931967 is divided by 232915?
307
Calculate the remainder when 172340 is divided by 7050.
3140
Calculate the remainder when 569437 is divided by 4439.
1245
Calculate the remainder when 656434 is divided by 2162.
1348
Calculate the remainder when 8798020 is divided by 316.
264
What is the remainder when 11256327 is divided by 5631?
5589
What is the remainder when 1511873766 is divided by 987?
984
What is the remainder when 217429 is divided by 7765?
9
Calculate the remainder when 17845363 is divided by 4053.
4
Calculate the remainder when 3018046 is divided by 266.
10
Calculate the remainder when 2379685 is divided by 15.
10
What is the remainder when 66609479 is divided by 7?
6
Calculate the remainder when 15557 is divided by 7076.
1405
Calculate the remainder when 785398 is divided by 300.
298
Calculate the remainder when 86990 is divided by 1021.
205
What is the remainder when 7951559 is divided by 926?
923
What is the remainder when 3546292 is divided by 3410?
3302
Calculate the remainder when 5377485 is divided by 97.
96
Calculate the remainder when 5657598 is divided by 1204.
2
What is the remainder when 16425 is divided by 240?
105
Calculate the remainder when 15404137 is divided by 2918.
15
What is the remainder when 6163746 is divided by 6163686?
60
What is the remainder when 967987 is divided by 80662?
43
What is the remainder when 408454 is divided by 3551?
89
What is the remainder when 259612716 is divided by 148?
144
What is the remainder when 5829521 is divided by 85728?
17
Calculate the remainder when 443151 is divided by 5849.
4476
What is the remainder when 46675 is divided by 1369?
129
What is the remainder when 372165 is divided by 23260?
5
What is the remainder when 3691027 is divided by 32?
19
Calculate the remainder when 4955447 is divided by 550600.
47
What is the remainder when 3994427 is divided by 380?
247
What is the remainder when 600755 is divided by 84?
71
What is the remainder when 19141006 is divided by 1881?
1831
What is the remainder when 176044095 is divided by 88022044?
7
What is the remainder when 94951449 is divided by 775?
774
Calculate the remainder when 15062 is divided by 746.
142
Calculate the remainder when 377815 is divided by 128.
87
Calculate the remainder when 183093908 is divided by 34.
32
What is the remainder when 1203493 is divided by 16?
5
Calculate the remainder when 1650887 is divided by 1650725.
162
What is the remainder when 681358 is divided by 443?
24
What is the remainder when 9387518 is divided by 853410?
8
Calculate the remainder when 23760066 is divided by 10.
6
Calculate the remainder when 2264825 is divided by 48.
41
Calculate the remainder when 11520794 is divided by 6957.
2
What is the remainder when 585594 is divided by 645?
579
What is the remainder when 884367994 is divided by 1984?
1978
Calculate the remainder when 23261851 is divided by 23261780.
71
What is the remainder when 6303712 is divided by 191018?
118
What is the remainder when 7489715 is divided by 920?
915
What is the remainder when 260917 is divided by 16304?
53
Calculate the remainder when 8000337 is divided by 44.
37
Calculate the remainder when 2935617 is divided by 587111.
62
Calculate the remainder when 795044 is divided by 11352.
404
What is the remainder when 80899611 is divided by 38?
5
Calculate the remainder when 15478130 is divided by 23.
4
What is the remainder when 2220866 is divided by 543?
539
Calculate the remainder when 813725 is divided by 1593.
1295
What is the remainder when 13493337 is divided by 180?
177
Calculate the remainder when 87719585 is divided by 414.
23
What is the remainder when 1999687 is divided by 1448?
1447
What is the remainder when 129714 is divided by 7619?
191
What is the remainder when 2065915 is divided by 36891?
19
What is the remainder when 272110078 is divided by 96?
94
Calculate the remainder when 160845 is divided by 160826.
19
Calculate the remainder when 213846775 is divided by 5.
0
What is the remainder when 736214 is divided by 231?
17
What is the remainder when 2190728 is divided by 2150?
2028
Calculate the remainder when 13179849 is divided by 1013828.
85
Calculate the remainder when 986113 is divided by 493022.
69
What is the remainder when 1866287 is divided by 14695?
22
Calculate the remainder when 1113336 is divided by 370797.
945
Calculate the remainder when 4634739 is divided by 6717.
9
What is the remainder when 721812 is divided by 4221?
21
What is the remainder when 26471758 is divided by 4774?
4702
Calculate the remainder when 4650 is divided by 13.
9
Calculate the remainder when 11856008 is divided by 2371201.
3
What is the remainder when 4143336 is divided by 5803?
5797
What is the remainder when 9031416 is divided by 3110?
3086
What is the remainder when 14916027 is divided by 1356002?
5
What is the remainder when 233369 is divided by 1468?
1425
What is the remainder when 2799282 is divided by 39424?
178
Calculate the remainder when 5394962 is divided by 7330.
82
Calculate the remainder when 35739 is divided by 10332.
4743
What is the remainder when 416262 is divided by 304?
86
Calculate the remainder when 112347288 is divided by 11234728.
8
Calculate the remainder when 110022 is divided by 688.
630
What is the remainder when 460577 is divided by 230165?
247
What is the remainder when 3507285 is divided by 1986?
9
Calculate the remainder when 240324 is divided by 249.
39
What is the remainder when 74819 is divided by 560?
339
What is the remainder when 5731854 is divided by 43?
40
Calculate the remainder when 92932 is divided by 670.
472
What is the remainder when 193185 is divided by 95621?
1943
Calculate the remainder when 1130707 is divided by 564895.
917
What is the remainder when 3305034 is divided by 550836?
18
What is the remainder when 16295983 is divided by 3323?
3314
What is the remainder when 54639904 is divided by 99890?
74
What is the remainder when 3816859 is divided by 556?
475
Calculate the remainder when 4624669 is divided by 385388.
13
What is the remainder when 5981887 is divided by 395?
7
Calculate the remainder when 67657209 is divided by 2683.
2681
Calculate the remainder when 61084468 is divided by 12216893.
3
Calculate the remainder when 854311 is divided by 590.
581
Calculate the remainder when 120094 is divided by 118760.
1334
Calculate the remainder when 58246310 is divided by 19415430.
20
Calculate the remainder when 153324 is divided by 531.
396
What is the remainder when 9323 is divided by 4497?
329
What is the remainder when 50131844 is divided by 309?
302
Calculate the remainder when 127536 is divided by 18217.
17
What is the remainder when 6381660 is divided by 98?
96
Calculate the remainder when 3999851 is divided by 444425.
26
Calculate the remainder when 9993447 is divided by 15.
12
Calculate the remainder when 4445036 is divided by 1481655.
71
Calculate the remainder when 9593 is divided by 9192.
401
What is the remainder when 263757 is divided by 262408?
1349
What is the remainder when 794372 is divided by 775?
772
What is the remainder when 129249 is divided by 63380?
2489
What is the remainder when 31182622 is divided by 612?
610
Calculate the remainder when 54311 is divided by 531.
149
Calculate the remainder when 2401838 is divided by 10.
8
Calculate the remainder when 6780741 is divided by 21.
9
What is the remainder when 2335317 is divided by 45?
42
What is the remainder when 50645 is divided by 15431?
4352
What is the remainder when 100403 is divided by 10007?
333
Calculate the remainder when 88499 is divided by 1488.
707
What is the remainder when 5880915 is divided by 490076?
3
Calculate the remainder when 65925524 is divided by 23.
3
What is the remainder when 38666450 is divided by 6094?
20
What is the remainder when 786043 is divided by 356?
351
Calculate the remainder when 5613759 is divided by 3392.
3391
Calculate the remainder when 4824868 is divided by 2412331.
206
Calculate the remainder when 42793 is divided by 4751.
34
What is the remainder when 62160019 is di